divided by 12.
3
What is the remainder when 250144 is divided by 78?
76
What is the remainder when 75455 is divided by 116?
55
Calculate the remainder when 103084 is divided by 114.
28
Calculate the remainder when 79396 is divided by 66.
64
Calculate the remainder when 6580 is divided by 120.
100
Calculate the remainder when 32641 is divided by 17.
1
Calculate the remainder when 16114 is divided by 2003.
90
Calculate the remainder when 31598 is divided by 15.
8
Calculate the remainder when 7753 is divided by 2978.
1797
Calculate the remainder when 349109 is divided by 270.
269
Calculate the remainder when 264712 is divided by 7785.
22
What is the remainder when 58353 is divided by 14577?
45
What is the remainder when 3570 is divided by 188?
186
What is the remainder when 16596 is divided by 15?
6
What is the remainder when 1046256 is divided by 1151?
1148
What is the remainder when 14771 is divided by 148?
119
Calculate the remainder when 2569 is divided by 1275.
19
What is the remainder when 132664 is divided by 32?
24
Calculate the remainder when 32232 is divided by 325.
57
What is the remainder when 412092 is divided by 15?
12
What is the remainder when 191259 is divided by 63724?
87
What is the remainder when 892 is divided by 51?
25
What is the remainder when 302 is divided by 194?
108
What is the remainder when 48731 is divided by 48?
11
Calculate the remainder when 15827 is divided by 42.
35
Calculate the remainder when 1811 is divided by 885.
41
Calculate the remainder when 17066 is divided by 796.
350
Calculate the remainder when 1216 is divided by 1175.
41
What is the remainder when 255482 is divided by 147?
143
Calculate the remainder when 51743 is divided by 783.
65
What is the remainder when 120628 is divided by 312?
196
What is the remainder when 1034 is divided by 566?
468
Calculate the remainder when 61242 is divided by 18.
6
Calculate the remainder when 959 is divided by 56.
7
What is the remainder when 8102 is divided by 1619?
7
Calculate the remainder when 18802 is divided by 18757.
45
What is the remainder when 87 is divided by 4?
3
Calculate the remainder when 410682 is divided by 410676.
6
Calculate the remainder when 14005 is divided by 30.
25
What is the remainder when 121721 is divided by 2?
1
Calculate the remainder when 854 is divided by 414.
26
What is the remainder when 304106 is divided by 465?
461
Calculate the remainder when 84656 is divided by 20.
16
What is the remainder when 757366 is divided by 252451?
13
What is the remainder when 24075 is divided by 172?
167
Calculate the remainder when 137484 is divided by 1250.
1234
Calculate the remainder when 45741 is divided by 443.
112
Calculate the remainder when 139546 is divided by 356.
350
What is the remainder when 2596 is divided by 364?
48
Calculate the remainder when 16538 is divided by 62.
46
Calculate the remainder when 60574 is divided by 270.
94
What is the remainder when 24958 is divided by 63?
10
Calculate the remainder when 4921 is divided by 4901.
20
What is the remainder when 1113510 is divided by 19?
15
Calculate the remainder when 763 is divided by 528.
235
Calculate the remainder when 3768 is divided by 188.
8
What is the remainder when 24757 is divided by 340?
277
What is the remainder when 13996 is divided by 6933?
130
What is the remainder when 1903 is divided by 299?
109
What is the remainder when 2543 is divided by 350?
93
What is the remainder when 236265 is divided by 118122?
21
What is the remainder when 1235 is divided by 289?
79
What is the remainder when 194404 is divided by 7200?
4
Calculate the remainder when 783383 is divided by 451.
447
Calculate the remainder when 80158 is divided by 149.
145
What is the remainder when 44274 is divided by 27?
21
What is the remainder when 137 is divided by 104?
33
Calculate the remainder when 1001 is divided by 350.
301
Calculate the remainder when 58803 is divided by 122.
121
Calculate the remainder when 2239 is divided by 693.
160
Calculate the remainder when 476696 is divided by 48.
8
What is the remainder when 1283 is divided by 976?
307
What is the remainder when 855498 is divided by 29?
27
Calculate the remainder when 84665 is divided by 54.
47
Calculate the remainder when 11955 is divided by 798.
783
Calculate the remainder when 1564 is divided by 197.
185
What is the remainder when 683294 is divided by 406?
402
What is the remainder when 10019 is divided by 1255?
1234
Calculate the remainder when 1087 is divided by 1036.
51
What is the remainder when 84239 is divided by 60?
59
Calculate the remainder when 6214 is divided by 6170.
44
Calculate the remainder when 64707 is divided by 10.
7
Calculate the remainder when 166054 is divided by 222.
220
Calculate the remainder when 13380 is divided by 13256.
124
What is the remainder when 27783 is divided by 371?
329
Calculate the remainder when 163182 is divided by 329.
327
Calculate the remainder when 1081352 is divided by 135169.
0
What is the remainder when 33557 is divided by 16770?
17
Calculate the remainder when 3190 is divided by 994.
208
What is the remainder when 1861 is divided by 371?
6
What is the remainder when 980 is divided by 532?
448
Calculate the remainder when 58039 is divided by 159.
4
Calculate the remainder when 5892 is divided by 22.
18
What is the remainder when 1317 is divided by 538?
241
Calculate the remainder when 15407 is divided by 210.
77
What is the remainder when 33704 is divided by 31?
7
What is the remainder when 22148 is divided by 76?
32
Calculate the remainder when 119389 is divided by 82.
79
What is the remainder when 84244 is divided by 16844?
24
What is the remainder when 170706 is divided by 52?
42
What is the remainder when 11805 is divided by 473?
453
Calculate the remainder when 1308212 is divided by 529.
524
Calculate the remainder when 25240 is divided by 4933.
575
Calculate the remainder when 43358 is divided by 156.
146
What is the remainder when 179081 is divided by 3810?
11
Calculate the remainder when 35886 is divided by 5.
1
Calculate the remainder when 44982 is divided by 254.
24
What is the remainder when 1862 is divided by 422?
174
What is the remainder when 19169 is divided by 39?
20
Calculate the remainder when 3227 is divided by 614.
157
What is the remainder when 15047 is divided by 7521?
5
Calculate the remainder when 660 is divided by 399.
261
What is the remainder when 28924 is divided by 19?
6
Calculate the remainder when 1531 is divided by 1486.
45
Calculate the remainder when 33894 is divided by 223.
221
Calculate the remainder when 14052 is divided by 327.
318
Calculate the remainder when 637162 is divided by 49012.
6
Calculate the remainder when 16526 is divided by 8.
6
What is the remainder when 1260 is divided by 143?
116
Calculate the remainder when 228092 is divided by 162.
158
What is the remainder when 16435 is divided by 332?
167
What is the remainder when 6039 is divided by 164?
135
Calculate the remainder when 1049 is divided by 313.
110
What is the remainder when 1564 is divided by 16?
12
What is the remainder when 78099 is divided by 1001?
21
Calculate the remainder when 459100 is divided by 238.
236
What is the remainder when 165750 is divided by 224?
214
Calculate the remainder when 6082 is divided by 855.
97
Calculate the remainder when 301366 is divided by 73.
22
Calculate the remainder when 25438 is divided by 8468.
34
What is the remainder when 56840 is divided by 290?
0
What is the remainder when 465 is divided by 192?
81
Calculate the remainder when 7717 is divided by 7702.
15
What is the remainder when 93202 is divided by 542?
520
Calculate the remainder when 4739576 is divided by 67.
63
What is the remainder when 776724 is divided by 28?
4
What is the remainder when 1426967 is divided by 6?
5
What is the remainder when 1781444 is divided by 11956?
0
What is the remainder when 66812 is divided by 16?
12
Calculate the remainder when 755 is divided by 619.
136
What is the remainder when 249472 is divided by 71?
49
What is the remainder when 33406 is divided by 955?
936
What is the remainder when 83872 is divided by 599?
12
Calculate the remainder when 48757 is divided by 184.
181
Calculate the remainder when 69918 is divided by 260.
238
Calculate the remainde